 106487 composite?
False
Is 5557 prime?
True
Is 50639 a prime number?
False
Is 543269 a prime number?
False
Is 20299 a composite number?
True
Is 14285 composite?
True
Is 58885 a prime number?
False
Is 5033 a prime number?
False
Is 218261 prime?
False
Is 4411 prime?
False
Is 106707 prime?
False
Is 985937 a composite number?
False
Is 49597 a prime number?
True
Is 229529 a prime number?
True
Is 53443 composite?
True
Is 7829 a composite number?
False
Is 19735 prime?
False
Is 88931 composite?
True
Is 87886 a composite number?
True
Is 193559 composite?
False
Is 87337 prime?
True
Is 905311 a composite number?
True
Is 68149 prime?
False
Is 26171 composite?
False
Is 69809 composite?
False
Is 799 prime?
False
Is 137273 a prime number?
True
Is 121139 composite?
False
Is 8095 prime?
False
Is 16033 prime?
True
Is 12791 prime?
True
Is 117389 composite?
False
Is 4329883 a composite number?
True
Is 2292859 a composite number?
False
Is 84649 a composite number?
False
Is 2897 composite?
False
Is 17707 a composite number?
False
Is 1120837 a composite number?
False
Is 477857 composite?
False
Is 14995 a prime number?
False
Is 973783 prime?
False
Is 91367 a prime number?
True
Is 29357 a composite number?
True
Is 155443 prime?
True
Is 3683 composite?
True
Is 237 composite?
True
Is 955037 prime?
True
Is 3409 composite?
True
Is 9023 composite?
True
Is 979 a prime number?
False
Is 211859 prime?
True
Is 734381 a composite number?
False
Is 1034079 composite?
True
Is 74541 composite?
True
Is 324679 composite?
True
Is 97591 composite?
True
Is 382021 a composite number?
False
Is 8887 a prime number?
True
Is 56981 composite?
True
Is 7235 composite?
True
Is 4183 prime?
False
Is 3876269 composite?
False
Is 98639 prime?
True
Is 1027 a composite number?
True
Is 6038 composite?
True
Is 3071 a prime number?
False
Is 127123 prime?
True
Is 5509 prime?
False
Is 35419 composite?
False
Is 12071 composite?
False
Is 4181 a composite number?
True
Is 310861 prime?
True
Is 233221 composite?
False
Is 8795 prime?
False
Is 60209 a prime number?
True
Is 2873945 a composite number?
True
Is 13085 prime?
False
Is 103651 composite?
False
Is 1744267 prime?
False
Is 61909 prime?
True
Is 5903 a composite number?
False
Is 5114 a composite number?
True
Is 280909 composite?
False
Is 256231 a composite number?
True
Is 4907 a prime number?
False
Is 23007 a prime number?
False
Is 38783 a composite number?
False
Is 11741 a composite number?
True
Is 64318 prime?
False
Is 3389 prime?
True
Is 6368617 a prime number?
True
Is 190027 prime?
True
Is 1409 composite?
False
Is 1786357 composite?
False
Is 1456421 composite?
True
Is 190243 a composite number?
False
Is 1362731 composite?
False
Is 2479 prime?
False
Is 11981 a composite number?
False
Is 626443 composite?
False
Is 2699 composite?
False
Is 3377 composite?
True
Is 33071 a prime number?
True
Is 23461 prime?
False
Is 82607 a prime number?
False
Is 468239 a composite number?
False
Is 13963 prime?
True
Is 498209 a composite number?
False
Is 163367 a prime number?
True
Is 5062 a prime number?
False
Is 22441 composite?
False
Is 39535 a prime number?
False
Is 25507 a prime number?
False
Is 229181 prime?
True
Is 12003 prime?
False
Is 6901 a composite number?
True
Is 77827 a composite number?
True
Is 3191 a prime number?
True
Is 18053 a prime number?
False
Is 81593 composite?
True
Is 63377 a composite number?
False
Is 1486241 a prime number?
True
Is 13469 a prime number?
True
Is 54869 composite?
False
Is 92963 a composite number?
True
Is 614911 a composite number?
True
Is 51059 a composite number?
False
Is 23311 composite?
False
Is 36629 composite?
False
Is 46981 a prime number?
False
Is 1433437 composite?
False
Is 269674 prime?
False
Is 680707 a composite number?
False
Is 51533 composite?
True
Is 21374 prime?
False
Is 5509 composite?
True
Is 12419 composite?
True
Is 6947 prime?
True
Is 53771 a prime number?
False
Is 273773 composite?
False
Is 11513 composite?
True
Is 173833 a composite number?
True
Is 117833 a composite number?
False
Is 710927 a composite number?
True
Is 309899 a prime number?
True
Is 5779 composite?
False
Is 2419 composite?
True
Is 296137 composite?
False
Is 553853 a prime number?
False
Is 9517 a composite number?
True
Is 12581 a prime number?
False
Is 986101 prime?
True
Is 953251 composite?
True
Is 7037 prime?
False
Is 25001 prime?
False
Is 1249 a prime number?
True
Is 4703 prime?
True
Is 1020599 a composite number?
False
Is 2929 a prime number?
False
Is 16033 a prime number?
True
Is 3079 composite?
False
Is 2159 a composite number?
True
Is 206723 a composite number?
True
Is 1831 a composite number?
False
Is 28963 prime?
False
Is 344315 a prime number?
False
Is 104523 a prime number?
False
Is 48407 a prime number?
True
Is 454261 a composite number?
True
Is 35077 a prime number?
False
Is 5613 a composite number?
True
Is 109211 composite?
False
Is 47813 a prime number?
False
Is 204397 prime?
True
Is 13811 prime?
False
Is 251767 a composite number?
True
Is 467 a composite number?
False
Is 1192253 a composite number?
False
Is 14901 prime?
False
Is 442571 a prime number?
True
Is 29243 prime?
True
Is 198497 prime?
False
Is 274471 composite?
False
Is 2569 composite?
True
Is 40646 prime?
False
Is 355747 composite?
True
Is 871 prime?
False
Is 8129 composite?
True
Is 527671 a prime number?
True
Is 31631 prime?
False
Is 6054721 a prime number?
True
Is 34649 a composite number?
False
Is 135367 a prime number?
True
Is 9337 a prime number?
True
Is 45179 composite?
False
Is 41879 a composite number?
False
Is 46103 a composite number?
False
Is 6469 prime?
True
Is 166373 a prime number?
False
Is 31307 a composite number?
False
Is 184127 a composite number?
True
Is 60747 prime?
False
Is 139549 composite?
True
Is 96199 prime?
True
Is 179771 a composite number?
True
Is 3109 a prime number?
True
Is 30801 composite?
True
Is 3049 a composite number?
False
Is 70031 prime?
False
Is 149387 composite?
True
Is 95681 a composite number?
True
Is 103769 a composite number?
False
Is 7901 prime?
True
Is 261223 a prime number?
True
Is 118063 prime?
False
Is 480287 a prime number?
True
Is 75079 composite?
False
Is 58937 a prime number?
True
Is 269513 prime?
True
Is 1392089 a composite number?
False
Is 2493701 prime?
False
Is 1431505 prime?
False
Is 34147 prime?
True
Is 39743 a prime number?
False
Is 207617 composite?
True
Is 99347 composite?
False
Is 19121 composite?
False
Is 44297 prime?
False
Is 584669 a prime number?
False
Is 2927 composite?
False
Is 155849 prime?
True
Is 43763 a prime number?
False
Is 5557 prime?
True
Is 70051 prime?
True
Is 165961 a composite number?
False
Is 20323 a prime number?
True
Is 197629 a prime number?
False
Is 20891 prime?
False
Is 186859 a composite number?
False
Is 911 a composite number?
False
Is 910361 a composite number?
False
Is 9767 composite?
False
Is 3749 prime?
False
Is 584245 composite?
True
Is 56197 composite?
False
Is 112543 a composite number?
False
Is 23657 a prime number?
False
Is 77237 composite?
False
Is 214589 composite?
False
Is 251 composite?
False
Is 290597 a composite number?
False
Is 11091 prime?
False
Is 582143 a composite number?
True
Is 28603 a prime number?
True
Is 2099 composite?
False
Is 108631 a prime number?
True
Is 350159 a composite number?
False
Is 21661 prime?
True
Is 491669 a composite number?
False
Is 763955 composite?
True
Is 6449 prime?
True
Is 235901 a prime number?
True
Is 6866 prime?
False
Is 109271 composite?
True
Is 359 prime?
True
Is 16439 a prime number?
False
Is 59183 prime?
True
Is 12473 a composite number?
False
Is 197905 a prime number?
False
Is 4297897 a composite number?
False
Is 475771 a prime number?
False
Is 23369 prime?
True
Is 27041 prime?
False
Is 1650877 a composite number?
False
Is 70869 a composite number?
True
Is 231377 a prime number?
False
Is 265 composite?
True
Is 11657 a prime number?
True
Is 218455 a prime number?
False
Is 122195 composite?
True
Is 664561 prime?
True
Is 185797 composite?
False
Is 52361 prime?
True
Is 41371 prime?
False
Is 4679 a composite number?
False
Is 5311381 a composite number?
False
Is 115937 prime?
False
Is 298 a composite number?
True
Is 16447 prime?
True
Is 203491 a composite number?
True
Is 1585 a prime number?
False
Is 37469 prime?
False
Is 1234099 a c